41 + 36 + 27 + 17.
69
Evaluate -68 + (40 - (-36 + 43)).
-35
Calculate 8 + -6 + -132 + 21 + 31.
-78
Calculate -7 + 13 + -4 + (1 - (22 - (7 + 8))).
-4
-40 + 168 + -1 + -175
-48
Evaluate -13 + (-7 - -18) + 2 + -12 + 54 + 6.
48
(15 - -1 - (92 + -72)) + 1 + -10 + 0
-13
What is the value of -5 + (3 - 57) + -57 + 12 + 31?
-73
What is (69 - -5) + (-12 - (18 + -8))?
52
Evaluate -58 - (35 + (-38 - 64)).
9
Evaluate (7 + 3 - 0) + 37 + -74.
-27
What is 11 + -2 + (8 - 41) - (6 + -8)?
-22
What is the value of 40 - 7 - (39 + 86 + -8)?
-84
What is -57 - ((1 - (-40 - -46)) + (-2 - 1))?
-49
Calculate (-110 - (7 + (-15 - 0) + -49 + 64)) + 12.
-105
What is 49 - (30 + -51 + 71)?
-1
Evaluate 40 + (-61 - 4) + 72.
47
What is (-10 - -1) + (23 - 16 - 28) + 7 - -12?
-11
Evaluate -53 + (3 - (4 - 2)) - (-19 - (-12 - 1)).
-46
Calculate 8 - ((51 + (12 - 2 - 5) - -3) + -9).
-42
What is the value of -5 + 44 - 26 - 47?
-34
What is the value of 3 + -21 + (0 - ((1 - (5 - 11)) + -11))?
-14
What is the value of (-32 - -14) + (62 - 35) + (-27 - 4)?
-22
What is -1 + 3 + -1 + -22 + (56 - 25) + -36?
-26
(2 - 0) + 7 - ((-74 - -35) + -16 - -41)
23
Evaluate 2 - (-6 - -21 - (-11 - -8)).
-16
What is the value of -1 + -38 + 23 - -12 - 63?
-67
Evaluate -96 + -2 + 18 + (-12 + 60 - 45).
-77
What is the value of -940 + 945 - (0 + 2)?
3
What is 65 - (0 + 17 - (10 - (1 + -3)))?
60
What is 13 - (80 + -24 - 48)?
5
7 + -11 - (-111 - (13 - 19) - 2)
103
Calculate -13 + (-3 - -8) + -7 + 10 + -4 - -7.
-2
Evaluate -9 + (15 - (4 + 9)) - (-4 + -33).
30
What is the value of (-2 + 1 - -7) + 4223 + -4221 - -17?
25
What is the value of 22 + (-74 - -75) - ((6 - 3) + 10) - 78?
-68
Calculate 98 - 80 - 77 - -42.
-17
What is 64 + -5 - (-9 + 0)?
68
24 + -10 + 33 + 2 + (-10 - -6)
45
What is 116 + -1 - (8 - (15 + -1 + -13)) - -7?
115
Evaluate (6 - -3) + (6 - 25 - 2) + 49.
37
What is 31 - (-6 + 52) - (-55 - (-6 + 3))?
37
What is -14 - (-29 - (-32 + -37))?
-54
What is 3 + (12 - 23) - (1 + -71 + 1 + 6)?
55
Calculate (-52 + -12 + 48 - (0 + -21)) + -82.
-77
What is (-7 - 1) + (-72 + 6 - -63) + (4 - 0)?
-7
Calculate (-1 - 14) + (114 - 94) + 6 + (89 - -2).
102
Calculate -5 + 13 + (114 - 47) + -27.
48
Calculate (1 - -6) + 11 + (10 + -52 - -157).
133
What is the value of 14 + -74 + -1 + (-3 - (-41 - -24))?
-47
What is the value of (15 - (20 - (29 - (12 - -3)))) + 13?
22
Calculate -64 - (-101 + 198 - 112).
-49
What is the value of 21 + 35 + -33 + 23?
46
What is -2 + 1 + (6 - (-1 - 0)) + (-14 - -65)?
57
What is the value of (-22 + 76 + -29 - 44) + 5?
-14
What is (20 + -16 - 12) + (2 + 0 - (-35 - -1))?
28
Evaluate -104 + (-43 - -129) + (-2 - -34).
14
-21 + -44 + 37 + 115
87
What is the value of -16 + 3 + -27 + 53?
13
Evaluate -6 + 169 - (2406 + -2313).
70
-23 + 93 + 0 + 0 + (666 - 652)
84
26 - (14 - (-67 + 54))
-1
What is the value of (-4 - 3) + (3 - 36) + 37?
-3
What is (-1 - -49 - 3) + (428 - 404)?
69
What is -29 - (-4 + (165 + -152 - (-2 + 1)) + -5)?
-34
Calculate 112 - 37 - 53 - (-6 - (4 + -10)).
22
Evaluate (42 - (13 - -44)) + 57 + -2.
40
What is (8 + 15 - -2) + -18 + -5?
2
What is 10 - -3 - ((71 - -3) + (-3 - (-40 + 32)))?
-66
What is 131 - (-84 + 175 + 3)?
37
What is the value of 86 - -2 - ((13 - 1) + -52 + (54 - 18))?
92
(-290 - -256) + (38 - 1) + 1 + 0
4
What is the value of (0 - -3 - -10) + 12 + -47 + -18?
-40
What is the value of -30 + 8 + 2 + 1 + (-3 - (5 - 9))?
-18
-16 + -18 + -2 + (2 - -10)
-24
Calculate 1 + (10 - (2 - (-14 + 18 + -2))) + 6.
17
What is -22 - -28 - (17 - (-17 + 14 + -4))?
-18
What is the value of -4697 - -4627 - (-1 + -9 + 0)?
-60
Calculate (-25 - -22) + (-8 - (-6 - 9)) - (0 + -30).
34
Evaluate (-9 - -5 - 6) + 119 + (-32 - -7).
84
What is the value of 7 + 10 - 16 - -26 - -14?
41
What is -114 + 126 + (-1 - 8) + -21 + -10?
-28
0 - (-2 + 17 + (-21 - (-57 - -87)))
36
Calculate (-15 + 12 + 75 - (3 - 22)) + -23.
68
What is (-2 + -6 - 74) + (1 - 2) - (-312 + 312)?
-83
Calculate (2 - (2 - 99)) + 3763 + -3728 + -1 + -31.
102
Evaluate 11 - (17 + 39) - -29.
-16
What is 22 - (-56 - (-33 + -62))?
-17
What is -982 + 1012 + (-78 + 3 - -2)?
-43
Evaluate 44 - -16 - (-1 + -4 - ((-4 - -14) + -6)).
69
Calculate (-77 - 13) + ((7 - 14) + 4 - 1 - 10).
-104
What is the value of -6 + (-3 - 16) + 2 - 35?
-58
-15 - (1 - (-42 + 37) - 15)
-6
What is the value of -116 + (163 + -182 - (-37 - 3)) + -15?
-110
What is (-1 + 20 - -8) + (-10 - 68)?
-51
What is (41 - -9) + (-14 + 56 + -22 - 12)?
58
What is the value of (218 + -159 - 42) + 37 + 1?
55
Evaluate (-1 - 9) + 3 + (28 - (1 + -2)).
22
Evaluate 21 - 71 - -13 - (-2 - 27).
-8
What is -157 + (0 - -158) + (-47 - -3)?
-43
(-2 - (-39 - -21 - 2)) + -25
-7
What is -2 + -1 + (-12 - (-12 - 9)) - 27 - 8?
-29
Evaluate 1 + -28 - (8 + -40 + -86 + 108).
-17
What is -3 + 3 + 4 + (-158 - -14) + -2 + -2?
-144
What is 46 + (2 - 15) + 5 + 26 + -25 + 0?
39
Calculate 26 - (-38 + (0 - -24)).
40
What is the value of -7 - (-7 + 2) - -14 - -39?
51
What is the value of -34 + 12 + (20 - -2) - (0 - -40)?
-40
Calculate -63 + 76 + 18 - -45 - ((-4 - -2) + 10).
68
What is the value of 0 - (-4 + -1) - ((-111 - -22) + 203) - -14?
-95
Calculate 11 + 31 + 18 + -48.
12
Calculate 41 + (-100 - 66) + 23.
-102
What is the value of 20 - ((-24 - 30) + 19)?
55
What is 1956 + -2006 + -24 + 2?
-72
What is the value of -68 - (18 + -282 + 125)?
71
Evaluate 6 + 8 + (56 - -3) + -5 + 19.
87
Evaluate 101 + -70 + 4 + 21.
56
-16 + -1 + 48 + -50 + 2 + -109
-126
Calculate -100 + 8 + -5 + 1 + (59 - 65).
-102
Calculate 11 + (134 + -94 - (1 - -3)).
47
-13 + (-16 - (129 + -33 + -28))
-97
What is -120 - ((-18 - -40) + -15 + 1)?
-128
Evaluate 1 + 26 - (13 - 19 - -7) - (38 + -26).
14
Calculate 1 - ((6 - (3 + -2)) + -5) - (42 - -1).
-42
Calculate -216 + 274 - (-3 - -27).
34
Calculate (-8 - 44) + ((-5 - 8) + 8 - -3).
-54
What is the value of 1 - -11 - (-17 + (12 + -10 - -22)) - -20?
25
Calculate 19 + -18 + -2 + -467 + 485.
17
Calculate 33 - ((25 - 30 - -105) + 19).
-86
Evaluate 417 + -385 + (-75 - -2) + 98.
57
-39 + 26 + 15 + -28
-26
-10 + -1 - (20 + (30 - 22) + -22 + -55)
38
Calculate -15 + 11 + -28 + 33 - -28.
29
What is the value of 254 + -310 - (50 - 18)?
-88
What is the value of 10 + -11 + -9 + (-3 - -1 - -7)?
-5
Evaluate 1 - (-18 - (-11 - 3)).
5
What is the value of (12 - 0) + (-27 - (-31 + -65 + 28)) + -7?
46
What is the value of (-61 - -27) + 27 + 82 + -82 + 0 + -83?
-90
0 - -6 - (-1037 + 1029) - -48
62
What is the value of (-23 + -16 - -14) + -4 + (3 - -1) + -12?
-37
What is the value of 0 + 49 + -2 + (27 - -2 - -28 - 62)?
42
(-144 - -264) + 21 - (0 - -27)
114
Evaluate (156 - 132) + (25 - 18 - (-1 - -19)) - 97.
-84
Evaluate (8 - -14) + -8 + (-1 - 15) + 36 + 1.
35
What is the value of 29 - (-98 - -160 - 66)?
33
Evaluate -16 + 31 - 88 - -179.
106
What is (68 - -85 - 120) + -134?
-101
What is 37 - (8 - (-2 - 1)) - (0 + 0)?
26
-41 + (76 - 39) + -9 + -33
-46
What is the value of 30 + (24 - (13 + 76) - 34)?
-69
-54 + -4 + 61 - (1 - -55)
-53
Calculate (49 - (7 + (-12 - 3))) + -9.
48
Evaluate 68 + 59 + -129 + (3 - 3) + (1 - 0).
-1
Evaluate (-1 - -63) + -101 + -16.
-55
21 + 1 + -40 + (20 - -10) + (3 - -15)
30
What is 147 - 88 - (77 - 1)?
-17
What is the value of 5 + (-9 - -4 - (-16 - -66)) + 9?
-41
Evaluate (2 - 1) + -3 + 7 - -4 - (-2240 + 2170).
79
Calculate 3 + (-5 + 3 - (-1 + 1)) + -25 - -8.
-16
What is the value of -15 + ((690 - 690) + (-1 - 1 - -3) - 7)?
-21
What is (0 + (-4 - -14) - (15 + -5)) + 47?
47
What is 0 - (-74 + (-1 - -1) - (-2103 + 2097))?
68
What is 52 + (-6 + -5 - 20 - -12)?
33
What is the value of (-8 - (26 + -21)) + 31?
18
Evaluate 62 + -8 - (8 + -8 + -4 + 9).
49
Evaluate 8 - (1 + 2 + -170 + 170).
5
What is 3 + (-16 - -3) + (-6 - 6) + -12?
-34
-5 - -2 - (10 - 11) - (10 - (-6 - 18))
-36
What is 639 - 655 - (0 + -64) - 17?
31
(-25 - (-41 - (3 + -23))) + 0 + 34 + 1
31
What is the value of (1 + 8 - 8) + -9 + (-15 - 41)?
-64
Evaluate -57 - ((18 - 67) + 25).
-33
Evaluate -494 - -480 - (-8 + -19).
13
What is 48 + -149 + 70 + -17?
-48
What is 211 + (163 - 372) - (15 + 0)?
-13
Calculate 17 - ((-14 - -138) + -107).
0
(199 - (-65 + 144)) + -14
106
What is the value of (-172 - -126) + 157 - (4 - 4)?
111
Calculate (14 + 4 + -8 - 4) + -17 - (2 + 3).
-16
Calculate -1 - ((47 - 0) + 1 + (-38 + 75 - 35)).
-51
Calculate (1 - (20 - 2)) + (-